ase 13.
-c
Convert -101 (base 6) to base 7.
-52
What is -1313 (base 4) in base 12?
-9b
Convert 1d (base 15) to base 7.
40
10100110 (base 2) to base 15
b1
Convert -4a (base 11) to base 15.
-39
Convert -3 (base 11) to base 2.
-11
-430 (base 5) to base 2
-1110011
1032 (base 4) to base 5
303
What is -14 (base 15) in base 12?
-17
What is 12 (base 4) in base 6?
10
-110 (base 4) to base 11
-19
-42 (base 7) to base 2
-11110
-18 (base 15) to base 11
-21
What is -25 (base 13) in base 6?
-51
Convert -a (base 16) to base 13.
-a
-3 (base 6) to base 4
-3
-1 (base 7) to base 12
-1
Convert 610 (base 7) to base 6.
1221
1 (base 8) to base 4
1
Convert -3 (base 13) to base 11.
-3
b (base 15) to base 10
11
What is -10112 (base 4) in base 13?
-185
-2011 (base 3) to base 16
-3a
-1 (base 10) to base 6
-1
-101010 (base 2) to base 4
-222
Convert 2 (base 16) to base 15.
2
What is 54 (base 12) in base 4?
1000
Convert -4 (base 9) to base 4.
-10
Convert -1110101 (base 2) to base 3.
-11100
Convert -77 (base 11) to base 7.
-150
Convert 69 (base 14) to base 8.
135
-26 (base 10) to base 4
-122
-10110 (base 2) to base 9
-24
-2 (base 8) to base 14
-2
-51 (base 7) to base 6
-100
Convert 2 (base 12) to base 15.
2
What is -48 (base 10) in base 5?
-143
Convert 11300 (base 4) to base 16.
170
What is 1b (base 16) in base 7?
36
What is -134 (base 5) in base 9?
-48
Convert -10 (base 3) to base 2.
-11
-1100 (base 4) to base 16
-50
Convert 50 (base 14) to base 4.
1012
What is f (base 16) in base 7?
21
Convert -1201 (base 3) to base 15.
-31
What is 222 (base 3) in base 4?
122
What is -2001 (base 4) in base 10?
-129
What is -1 (base 8) in base 7?
-1
Convert -11 (base 15) to base 8.
-20
-133 (base 7) to base 13
-58
What is -b6 (base 16) in base 3?
-20202
Convert -be (base 16) to base 11.
-163
What is 3 (base 15) in base 9?
3
-1 (base 4) to base 7
-1
Convert 202 (base 5) to base 3.
1221
What is -3 (base 10) in base 11?
-3
Convert 111 (base 3) to base 4.
31
Convert -2 (base 14) to base 11.
-2
What is -1 (base 9) in base 11?
-1
Convert 7 (base 12) to base 16.
7
Convert -26 (base 12) to base 8.
-36
What is 2 (base 16) in base 15?
2
5 (base 7) to base 16
5
Convert 254 (base 6) to base 7.
211
Convert 77 (base 11) to base 5.
314
10 (base 4) to base 16
4
Convert 11 (base 3) to base 14.
4
What is 27 (base 14) in base 15?
25
-1 (base 11) to base 10
-1
What is 71 (base 13) in base 2?
1011100
31 (base 15) to base 2
101110
Convert -1 (base 14) to base 2.
-1
-302 (base 4) to base 16
-32
132 (base 4) to base 15
20
4 (base 14) to base 6
4
-10 (base 2) to base 15
-2
Convert 233 (base 4) to base 10.
47
What is 305 (base 8) in base 11?
16a
What is -233 (base 4) in base 14?
-35
109 (base 12) to base 7
306
Convert -3 (base 14) to base 7.
-3
-13 (base 13) to base 5
-31
What is -11 (base 6) in base 16?
-7
What is 1 (base 5) in base 4?
1
What is 1011 (base 3) in base 16?
1f
What is 36 (base 10) in base 13?
2a
-1212 (base 5) to base 8
-266
Convert -10101 (base 3) to base 9.
-111
-4 (base 8) to base 4
-10
75 (base 14) to base 10
103
What is -5 (base 6) in base 14?
-5
What is -113 (base 8) in base 7?
-135
What is -a (base 16) in base 8?
-12
Convert -21 (base 5) to base 9.
-12
93 (base 16) to base 2
10010011
What is 10 (base 5) in base 15?
5
Convert 24 (base 7) to base 2.
10010
Convert 25 (base 15) to base 8.
43
Convert -10 (base 3) to base 2.
-11
Convert 1 (base 14) to base 12.
1
9 (base 16) to base 12
9
What is -11000010 (base 2) in base 11?
-167
Convert 28 (base 13) to base 8.
42
What is -110 (base 2) in base 12?
-6
10011 (base 2) to base 10
19
What is -20 (base 4) in base 10?
-8
What is 131 (base 5) in base 16?
29
Convert -10220 (base 3) to base 11.
-96
-2 (base 11) to base 12
-2
6 (base 8) to base 7
6
Convert -10 (base 13) to base 11.
-12
Convert -4 (base 11) to base 16.
-4
Convert 31 (base 4) to base 8.
15
What is -4 (base 13) in base 8?
-4
What is -2 (base 5) in base 10?
-2
88 (base 9) to base 11
73
What is 80 (base 13) in base 11?
95
0 (base 9) to base 12
0
Convert -25 (base 9) to base 10.
-23
Convert 1 (base 15) to base 6.
1
Convert 4 (base 12) to base 3.
11
Convert 2 (base 10) to base 6.
2
-51 (base 9) to base 13
-37
What is -12210 (base 3) in base 9?
-183
Convert -45 (base 9) to base 3.
-1112
Convert -7 (base 14) to base 2.
-111
Convert 338 (base 9) to base 13.
185
Convert 2 (base 15) to base 7.
2
Convert -4c (base 15) to base 3.
-2200
Convert 52 (base 10) to base 6.
124
-1111 (base 3) to base 5
-130
What is 5 (base 10) in base 9?
5
Convert -273 (base 11) to base 4.
-11002
Convert -54 (base 10) to base 3.
-2000
Convert -111 (base 9) to base 2.
-1011011
Convert 36 (base 11) to base 16.
27
What is -63 (base 16) in base 5?
-344
What is -2a (base 16) in base 2?
-101010
Convert 14 (base 7) to base 6.
15
Convert -1010 (base 2) to base 9.
-11
206 (base 8) to base 2
10000110
4 (base 16) to base 12
4
-4 (base 8) to base 13
-4
What is -2 (base 10) in base 15?
-2
Convert -110 (base 4) to base 5.
-40
Convert 3 (base 15) to base 6.
3
Convert 3 (base 8) to base 12.
3
What is -2c (base 14) in base 11?
-37
b3 (base 12) to base 7
252
-15 (base 12) to base 11
-16
What is 11 (base 3) in base 14?
4
Convert -4 (base 14) to base 16.
-4
What is 3 (base 16) in base 10?
3
Convert -11111 (base 2) to base 16.
-1f
What is 1200 (base 3) in base 10?
45
What is -4 (base 7) in base 9?
-4
-4 (base 14) to base 11
-4
162 (base 10) to base 7
321
113 (base 4) to base 16
17
-30 (base 6) to base 16
-12
Convert 113 (base 4) to base 10.
23
2 (base 13) to base 6
2
-1110 (base 2) to base 9
-15
Convert 111 (base 3) to base 10.
13
What is -111011 (base 2) in base 7?
-113
What is 40 (base 9) in base 2?
100100
What is -18 (base 12) in base 15?
-15
7 (base 8) to base 9
7
2 (base 12) to base 3
2
-18 (base 15) to base 12
-1b
Convert 53 (base 6) to base 10.
33
Convert 5 (base 12) to base 10.
5
Convert -347 (base 11) to base 4.
-12132
What is -113 (base 4) in base 8?
-27
Convert 12 (base 6) to base 15.
8
Convert -131 (base 4) to base 16.
-1d
What is 8 (base 10) in base 8?
10
-1010 (base 3) to base 6
-50
-122 (base 3) to base 5
-32
What is -24 (base 13) in base 14?
-22
What is 24 (base 5) in base 13?
11
Convert -20 (base 6) to base 7.
-15
-17 (base 12) to base 4
-103
-8 (base 15) to base 5
-13
Convert 1011011 (base 2) to base 10.
91
2 (base 4) to base 6
2
-5 (base 8) to base 5
-10
a (base 13) to base 12
a
-282 (base 10) to base 4
-10122
What is -168 (base 10) in base 9?
-206
Convert -4 (base 16) to base 2.
-100
Convert 246 (base 8) to base 10.
166
-3 (base 7) to base 14
-3
Convert -6 (base 14) to base 5.
-11
1b3 (base 12) to base 4
10113
Convert -102 (base 6) to base 14.
-2a
Convert 22 (base 11) to base 7.
33
Convert -1 (base 10) to base 9.
-1
Convert -7 (base 15) to base 5.
-12
What is -1 (base 3) in base 13?
-1
11 (base 4) to base 14
5
Convert -14 (base 7) to base 12.
-b
What is -11001011 (base 2) in base 16?
-cb
Convert 2 (base 6) to base 16.
2
What is 10 (base 10) in base 9?
11
What is 5 (base 7) in base 12?
5
-40 (base 5) to base 13
-17
What is 153 (base 7) in base 2?
1010111
Convert -2 (base 10) to base 13.
-2
What is -1 (base 5) in base 15?
-1
-15 (base 7) to base 2
-1100
What is 11 (base 6) in base 7?
10
What is 1e (base 15) in base 10?
29
80 (base 13) to base 6
252
Convert -1300 (base 4) to base 5.
-422
What is 115 (base 14) in base 3?
21222
What is -220 (base 6) in base 2?
-1010100
What is 56 (base 12) in base 6?
150
-4 (base 7) to base 10
-4
-55 (base 9) to base 4
-302
21 (base 5) to base 2
1011
Convert -63 (base 13) to base 2.
-1010001
-9 (base 12) to base 15
-9
What is -302 (base 9) in base 8?
-365
Convert 1011011 (base 2) to base 11.
83
What is 1 (base 12) in base 6?
1
-37 (base 8) to base 7
-43
What is -1a (base 11) in base 13?
-18
Convert 2 (base 8) to base 11.
2
What is 71 (base 8) in base 7?
111
-1010 (base 2) to base 11
-a
-1 (base 9) to base 8
-1
31 (base 10) to base 16
1f
What is -6 (base 11) in base 2?
-110
101 (base 6) to base 14
29
What is 0 (base 13) in base 3?
0
-1 (base 2) to base 14
-1
What is 10 (base 15) in base 6?
23
Convert -3 (base 16) to base 3.
-10
What is -2a (base 15) in base 12?
-34
What is 1 (base 4) in base 16?
1
What is 110 (base 8) in base 16?
48
d (base 16) to base 3
111
-3 (base 5) to base 9
-3
-101 (base 5) to 